112
In base 6, what is 541120245 + 23?
541120312
In base 6, what is 20 + 33553333?
33553353
In base 14, what is 347b + -63?
3418
In base 8, what is 4 + -16672101?
-16672075
In base 14, what is -18a47 - -283?
-187a4
In base 14, what is 1 + 1958984?
1958985
In base 10, what is -41 - -556538?
556497
In base 16, what is ab64 - -23?
ab87
In base 10, what is 40289 - 1558?
38731
In base 8, what is -5567374 - -203?
-5567171
In base 7, what is -3240611231 - -1?
-3240611230
In base 16, what is -1446 + 57d3?
438d
In base 9, what is 3 - -210558040?
210558043
In base 3, what is -10012111211101 + -121010?
-10012112102111
In base 13, what is 32aa2b8 - -6?
32aa2c1
In base 15, what is -81 + 92445?
923b4
In base 10, what is -251175 - 53?
-251228
In base 13, what is -3 + -874581b?
-8745821
In base 13, what is 4 - -c17101?
c17105
In base 5, what is 134 + 2402221?
2402410
In base 6, what is -1 + -10423201510?
-10423201511
In base 7, what is -1 + -6102530?
-6102531
In base 12, what is -1309065 + -68?
-1309111
In base 2, what is -11 - -11100110001100000110011011?
11100110001100000110011000
In base 15, what is e9e761 + -7?
e9e759
In base 9, what is -2653605443 - -2?
-2653605441
In base 3, what is -1022221011221 - -11?
-1022221011210
In base 3, what is -200021210101120 + -211?
-200021210102101
In base 8, what is 15303103 - 3?
15303100
In base 2, what is -1101101110111010 + 100100101111?
-1101001010001011
In base 6, what is 235155 + 2334?
241533
In base 16, what is 196e2 - -75?
19757
In base 2, what is -111 - -11101001010010110110000?
11101001010010110101001
In base 16, what is -3 - -1eac9e?
1eac9b
In base 4, what is -210 - 232312100?
-232312310
In base 10, what is -681462 - 89?
-681551
In base 3, what is -21101 - -111000202?
110202101
In base 11, what is -6 - -674474?
674469
In base 5, what is -33123134434 + 10?
-33123134424
In base 9, what is -16337387 - 3?
-16337401
In base 3, what is -1 + 20102001201221022?
20102001201221021
In base 4, what is 13130100 + 102230?
13232330
In base 2, what is 111 + 1010110101110000110110010?
1010110101110000110111001
In base 6, what is 3 - 514120150?
-514120143
In base 13, what is -14634 + 2a17?
-1191a
In base 6, what is 14 - 31553354?
-31553340
In base 11, what is 6883215 - 7?
6883209
In base 6, what is 1 - -2511212033?
2511212034
In base 8, what is -160012 - 10?
-160022
In base 2, what is -11010100010000110010 - 10001110000?
-11010100100010100010
In base 8, what is -1 + 4537066?
4537065
In base 15, what is 3e1a - -29ce?
68e9
In base 6, what is -4334 - 13002041?
-13010415
In base 6, what is -2 - 425242101?
-425242103
In base 8, what is -476567611 - 14?
-476567625
In base 8, what is -750423 + -117?
-750542
In base 13, what is 5 + 2c6764a3?
2c6764a8
In base 15, what is 11 - 140768?
-140757
In base 7, what is -1243265563 - -5?
-1243265555
In base 16, what is -991b + -540b?
-ed26
In base 14, what is 51d00 - -22?
51d22
In base 11, what is 14 + -144710?
-1446a7
In base 11, what is -139 + 64565?
64427
In base 2, what is -101011 - 1011001110100010111110?
-1011001110100011101001
In base 13, what is -4 + 3a340386?
3a340382
In base 7, what is 1054 - 265620?
-264533
In base 7, what is -2 + 55353444?
55353442
In base 4, what is -222021231 - -1303?
-222013322
In base 13, what is 3 + 390ac36?
390ac39
In base 5, what is -233011 + -1004141?
-1242202
In base 11, what is -6 - 510572?
-510578
In base 5, what is -220342 + 13122?
-202220
In base 4, what is 11 + -232313200?
-232313123
In base 16, what is -17f + -275435?
-2755b4
In base 9, what is -17836187 - 0?
-17836187
In base 13, what is -43 + -109761?
-1097a4
In base 7, what is 146261243 - 35?
146261205
In base 7, what is 5 + -13061542?
-13061534
In base 16, what is -3cea7 - -18?
-3ce8f
In base 9, what is -25265 + 4360?
-20805
In base 9, what is -3477 + 3174?
-303
In base 8, what is 33 - 76640?
-76605
In base 2, what is 1000010010101 + -101110001?
111100100100
In base 13, what is 34 - 16922?
-168bb
In base 6, what is 331113 - 1050?
330023
In base 2, what is -110 + 1011100100010101101010?
1011100100010101100100
In base 6, what is 35323252 + -51?
35323201
In base 7, what is -44252403126 - -4?
-44252403122
In base 14, what is -86ca91 - 16?
-86caa7
In base 12, what is -43 - 64a397?
-64a41a
In base 16, what is 46 + 169af?
169f5
In base 11, what is -1233178 + -453?
-1233620
In base 12, what is 33819a - -23?
338201
In base 8, what is -3 + -11205224?
-11205227
In base 4, what is 22032 - 3203331?
-3121233
In base 7, what is -1621303 + -100?
-1621403
In base 12, what is -7298 + 154b?
-5949
In base 7, what is 15511361 - 12?
15511346
In base 7, what is 104 + 333323054?
333323161
In base 14, what is 18b + -18532?
-18385
In base 3, what is 20211121 - 2221101?
10220020
In base 4, what is -3 + -112231030322?
-112231030331
In base 9, what is 231007567 - 7?
231007560
In base 16, what is 70 + -15820?
-157b0
In base 7, what is 15366 - 3636?
11430
In base 11, what is -1 + 191674aa?
191674a9
In base 11, what is 24a6599 - -13?
24a6601
In base 10, what is -3 - 32195661?
-32195664
In base 15, what is 66 + -27c25?
-27bae
In base 9, what is 20436121 - 26?
20436084
In base 15, what is -c63d5c - 3?
-c63d60
In base 13, what is -1706b57 + -2?
-1706b59
In base 12, what is 1205204 - -2a?
1205232
In base 11, what is -11650 + 516?
-11135
In base 4, what is -112313313100 - 0?
-112313313100
In base 10, what is 239 + 12932?
13171
In base 13, what is -229 - 4481?
-46aa
In base 8, what is 5 + 200016760?
200016765
In base 10, what is 170 - 1844976?
-1844806
In base 10, what is -1 + 265295?
265294
In base 5, what is 1021423 + 3430?
1030403
In base 6, what is 412351425 + 4?
412351433
In base 12, what is 9a + -11a1095?
-11a0bb7
In base 8, what is -11615052 + -3?
-11615055
In base 13, what is -47 - -114942?
1148c8
In base 8, what is 16632651 - 11?
16632640
In base 10, what is -91423 - -37?
-91386
In base 13, what is -2 + -35cbba36?
-35cbba38
In base 3, what is 1220011200201121211 + -11?
1220011200201121200
In base 13, what is 1b9b67b - 2?
1b9b679
In base 14, what is -13da - -2bcb?
17d1
In base 13, what is -88384 + 302?
-88082
In base 11, what is -195 - 172873?
-172a58
In base 14, what is -3 - -24491111?
2449110c
In base 5, what is 2 - 23113334?
-23113332
In base 3, what is -110001221 + 21201212?
-11100002
In base 11, what is -15179000 - -5?
-15178aa6
In base 12, what is -11 - 2063ba?
-20640b
In base 2, what is -1111110110111101100001001000 - 1?
-1111110110111101100001001001
In base 13, what is -852 - b0a?
-165c
In base 7, what is 1 - -20023523?
20023524
In base 4, what is -13021022322 - 130?
-13021023112
In base 3, what is 102200 + 202202112002?
202202221202
In base 10, what is 4 - -107915587?
107915591
In base 12, what is -99 - 83894?
-83971
In base 13, what is -2017ac3 - 1?
-2017ac4
In base 4, what is -1 - 3322123102?
-3322123103
In base 11, what is -11752878 + -1?
-11752879
In base 10, what is -2 + -1088490?
-1088492
In base 9, what is -61 + -328148?
-328220
In base 3, what is 21 + -10002112020000?
-10002112012202
In base 15, what is a20ae + 2?
a20b1
In base 6, what is 35 - -3252043?
3252122
In base 7, what is -140410243 + 16?
-140410224
In base 14, what is 8ad7c + 1a0?
8b13c
In base 6, what is 30355 + 4130?
34525
In base 5, what is -4030 - -1342034?
1333004
In base 3, what is 2002212 + -100010222121?
-100001212202
In base 12, what is 79616 - 1b7?
7941b
In base 15, what is -1b - 13cc35?
-13cc51
In base 11, what is 4 - -842526a?
8425273
In base 16, what is -5fd08d + -4?
-5fd091
In base 4, what is 101 - 122001231111?
-122001231010
In base 7, what is -11143615 + 3?
-11143612
In base 5, what is -33003141 + -1121?
-33004312
In base 16, what is -149 - 1508d?
-151d6
In base 5, what is 1114313 + -3013?
1111300
In base 13, what is 30a9 + -61a?
278c
In base 16, what is 11ab97 + -6?
11ab91
In base 8, what is 1327 - -42460?
44007
In base 5, what is 34421201 - 1?
34421200
In base 9, what is 446 + -650764?
-650317
In base 8, what is 4 + -7647133?
-7647127
In base 10, what is -59760 + -742?
-60502
In base 12, what is 33a483 + 309?
33a790
In base 14, what is -4 - 1392812?
-1392816
In base 9, what is -22380 + 113?
-22266
In base 3, what is 1021111220212 - 11?
1021111220201
In base 10, what is -1 - 605312?
-605313
In base 3, what is -10010010 + -101002002?